**4/2 + 3*f**3 - 2*f**2 - 87*f. What are the prime factors of b(4)?
2, 521
Let q(r) be the third derivative of r**5/60 + r**4/6 + 15*r**3/2 - r**2. Let f be (8/(-10))/(72/1440). What are the prime factors of q(f)?
3, 79
Let t = -116 - -376. Let v = 479 - t. List the prime factors of v.
3, 73
Suppose -5*o + 317 = -3*q, -145*o + 325 = -140*o + 5*q. Let f = -134 - -209. List the prime factors of (o/6)/(10/f).
2, 5
Let s(c) = 17*c**2 - c - 2 - 5 - 16*c**2. Let q be s(-5). Let r = 118 - q. List the prime factors of r.
5, 19
Let c(y) = -11*y - 1. Let v be c(5). Suppose 70*w = -124*w - 13157 - 23315. Let m = v - w. List the prime factors of m.
2, 3, 11
Let v be (18/(-10))/((-20)/200). List the prime factors of (90 - -30)/((v/20)/3).
2, 5
Suppose -5*w + 2*v = 3*v + 513, 0 = -2*w - 2*v - 210. Suppose 307 + 148 = 2*f + 5*o, -3*f = o - 663. Let r = w + f. List the prime factors of r.
2, 59
Let a be (3/2)/((-9)/(-12)). Suppose z - 861 = -3*t, 4*z = a*t + 289 - 877. List the prime factors of t.
2, 3
Let w = -71 + 184. Let o be w/4 - 9/(-12). Suppose 30*t = o*t + 2. What are the prime factors of t?
2
Suppose -4*a = 5*y, -2*a = 2*a - 4*y. Suppose a = 8*s - 5707 - 3493. List the prime factors of s.
2, 5, 23
Let c(f) = 5*f + f**2 - 127 + 10*f + 6*f - f. List the prime factors of c(-37).
2, 251
Let p(f) = 1 - 2*f**2 + 12 + 8*f**3 - f + 5*f - 7*f**3. List the prime factors of p(4).
61
Let m = -3615 - -5888. List the prime factors of m.
2273
Let r = 134 + -127. Suppose 4*j - r = -4*c + 9, 2*j - 8 = -3*c. What are the prime factors of (2 - -21) + c*(-1)/(-2)?
23
Let t be 522/13 + 1 + (-8)/52. Suppose -36*n = -t*n + 1885. What are the prime factors of n?
13, 29
Suppose 0 = 8*b + 34 + 54. Let i = b + 15. Suppose 181 = 3*s - i*a, -75 = -s - 0*s + 5*a. What are the prime factors of s?
5, 11
Let q be ((-31)/3)/(((-207)/(-918))/(-23)). Let p = q + -82. List the prime factors of p.
2, 3
Let x(h) = 152*h - 99. Let b(n) = 31*n - 20. Let k(p) = 11*b(p) - 2*x(p). What are the prime factors of k(7)?
3, 79
Let t = 265 - 265. Suppose -37*o + 34*o + 1440 = t. List the prime factors of o.
2, 3, 5
Suppose 7*g = 4*g + 5*j + 1294, 446 = g + 2*j. Let z = g + 54. List the prime factors of z.
2, 3, 41
Suppose -3*g = 0, -2*s + 38 = -s + 5*g. Let o = 35 - s. What are the prime factors of (-17)/(2*o/78*1)?
13, 17
Let o(z) = 169*z**2 - 213*z + 2841. List the prime factors of o(13).
11, 19, 137
Let d(a) = a**3 + 25*a**2 - 46*a - 12. Let y(u) = 4*u**3 + 99*u**2 - 183*u - 49. Let z(b) = -9*d(b) + 2*y(b). List the prime factors of z(-29).
2, 3, 5
Let q = 5201 - 3831. What are the prime factors of q?
2, 5, 137
Let i(n) = 22*n + 53. Let o(f) = 23*f + 54. Let c(m) = -7*i(m) + 6*o(m). What are the prime factors of c(-16)?
11, 19
Let u = 557 + -541. Suppose 15910 = u*s + 950. What are the prime factors of s?
5, 11, 17
Suppose 118191 + 106631 = 10*v - 1848. What are the prime factors of v?
19, 1193
Let r be (-60)/(-8)*(4/(-3))/(-1). List the prime factors of (2631 - 2)*r/55.
2, 239
Let z(t) = 38*t**3 - 40*t**2 + 104*t - 94. Let a(f) = 8*f**3 - 8*f**2 + 21*f - 19. Let i(d) = -14*a(d) + 3*z(d). List the prime factors of i(7).
2, 101
Suppose 0 = 4*w + 3*k + 95 - 254, 2*w - 2*k = 62. Let p(c) = -c**3 - 23*c**2 + 24*c + 65. Let q be p(-24). Let i = q - w. List the prime factors of i.
29
Let v(c) = 297*c**2 - 75*c + 281. List the prime factors of v(4).
4733
List the prime factors of 10126480/1232 - 12/22.
8219
Suppose 0 = 3*f - 0*f - 5*r - 57, -f = -5*r - 29. Let q = -12 + f. Suppose 7*c = 2*c + q*z + 421, 5*z = 10. What are the prime factors of c?
5, 17
Let c(q) = 41*q**2 + 4*q + 10. Let j be c(-4). Suppose 89*n = 106*n. Suppose 5*k - 10*k + j = n. What are the prime factors of k?
2, 5, 13
Suppose -58377 = -o + 5*d, -159*d = 3*o - 160*d - 175159. What are the prime factors of o?
7, 19, 439
Let q be 0/((-3)/1 + 4). Suppose 5*l + 2*h + 324 = -q*h, -2*h = -l - 72. What are the prime factors of (3465/l)/(2/(-4))?
3, 5, 7
Let f(n) = 10*n - 19. Let i(h) = -3*h - 11. Let t be i(-3). Let j be 0 + t/(-3) - (-140)/42. List the prime factors of f(j).
3, 7
Let s be -5 + 8/2 + 581. Suppose -5*o - j + s = j, 113 = o + j. Let f = -63 + o. What are the prime factors of f?
5, 11
Suppose 0 = 5*n - 20, 5*n + 1 = 2*i + 7. Let u(p) = 0 - i - 18 + 19*p + 2*p. List the prime factors of u(6).
101
Suppose -5*t - 4 = 2*i - 6, i = 4*t - 12. Let o be (-1)/t - 11/(-2). Suppose 0 = o*j - 150 + 5. List the prime factors of j.
29
Let f = 2286 + -555. What are the prime factors of f - ((-23)/23 - 5*1)?
3, 193
Let u(d) be the second derivative of -d**4/12 - 7*d**3/6 - 3*d**2/2 + 660*d. Suppose 0 = -5*b - 15 - 0. List the prime factors of u(b).
3
Suppose 0 = 1812*f - 1737*f - 450975. What are the prime factors of f?
7, 859
Suppose -a + 1377 + 6772 + 10 = 0. List the prime factors of a.
41, 199
Let h(k) = -3*k**2 + 10*k + 25. Suppose 7*j + 30 = j. Let g(y) = 7*y**2 - 19*y - 50. Let m(z) = j*h(z) - 2*g(z). List the prime factors of m(17).
2, 3, 5
Suppose -5*h + 25 = 0, -h - 16948 - 501807 = -10*n. What are the prime factors of n?
2, 3, 11, 131
Suppose -4*t + 45836 = 4*c, -33*c + 45878 = -29*c - 3*t. What are the prime factors of c?
5, 2293
Let t(l) = -4*l**2 - 42*l - 15. Let d be t(-10). Suppose -d*j + 336 = -2*j - 3*a, 0 = 4*j + 5*a - 448. List the prime factors of j.
2, 7
Let u(d) = 325*d**2 + d - 1. Suppose 0 = 4*f + c - 3, 2 + 1 = -f - 4*c. What are the prime factors of u(f)?
5, 13
Suppose 0*u - 4 = -u + p, -20 = -5*u - p. Suppose -u = 2*b, -b = 4*s - s + 38. What are the prime factors of 8/32 + (-237)/s?
2, 5
Let z(n) be the second derivative of 0 + 2/3*n**3 + 1/6*n**4 - 22*n + 3*n**2. What are the prime factors of z(-8)?
2, 3, 17
Let u(k) = k**3 + 40*k**2 - 7*k + 121. What are the prime factors of u(-28)?
5, 389
Let p = -287 - -394. Suppose -102*i + p*i = 165. List the prime factors of i.
3, 11
What are the prime factors of ((-11)/4 - 1)/(45/(-13032))?
2, 3, 181
Suppose -2*g = 15 - 193. Suppose -4*p + g + 135 = 4*s, 0 = 4*p + s - 215. Suppose -199 = -q + p. What are the prime factors of q?
2, 3, 7
Let v = 40 + -47. Let a(y) = 16*y - 11. Let w be a(v). Let d = w - -202. What are the prime factors of d?
79
Suppose -75 - 16 = -7*h. Let w = 15 - h. List the prime factors of -1*1/w*-122.
61
Let q = -18 + 485. List the prime factors of q.
467
What are the prime factors of (-163924)/(-28) - (9 - 268/28)?
5, 1171
Let j(k) = -354*k**3 - 9*k**2 - 12*k - 22. List the prime factors of j(-2).
2, 1399
Suppose -3*f + 574 = -5*f. Suppose 5*w + 2*d + d - 2032 = 0, d + 1208 = 3*w. Let t = f + w. List the prime factors of t.
3, 13
Suppose -5*v + 3476 = -b, 5*b - 4*v = -2398 - 14940. What are the prime factors of (0 - b/4) + (-3)/(-2)?
2, 7, 31
Suppose q - 33 + 12 = 5*v, -3*q + 30 = -4*v. Suppose 4*r = 7*r - q. Suppose 0 = -r*l - l + 435. List the prime factors of l.
5, 29
Let u(p) = 3*p**2 + 194*p + 366. What are the prime factors of u(-80)?
2, 7, 17
Suppose -5*j = 2*b - 28, 5*b - 2*j - j = 8. Suppose 0 = 2*x - 4*x + b. List the prime factors of (-4 - -2 - -1)/(x/(-120)).
2, 3, 5
Let o(f) = -5898*f - 10598. What are the prime factors of o(-4)?
2, 73, 89
Let d be -8*(258/12)/(-1). List the prime factors of 1*(-34)/(-8)*(d + 0).
17, 43
Suppose 3*o - 1 = 5. Suppose -o*r - 2*y = -2002 - 212, 5*r + y = 5543. Suppose 5*d + h = r, -h + 124 = d - 97. List the prime factors of d.
2, 3, 37
Suppose 4*t = -1 + 41. Suppose 8 = 12*c - t*c. Suppose -2*u + c*u - 160 = 0. What are the prime factors of u?
2, 5
List the prime factors of ((912/20)/2)/(6/780).
2, 3, 13, 19
Let j(k) = -185*k + 1541. What are the prime factors of j(-17)?
2, 3, 11, 71
Let h be ((24/(-32))/(4/(-80)))/1. Suppose 19*p = h*p + 1960. What are the prime factors of p?
2, 5, 7
What are the prime factors of -11 - ((-3240069)/75 - (-10)/(-125))?
2, 5, 7, 617
Let g = -15504 - -21812. List the prime factors of g.
2, 19, 83
Suppose 67*o + 16241 = b + 69*o, 3*o - 48747 = -3*b. What are the prime factors of b?
3, 5419
Suppose -13*q + 2*q = -1848. Let x = -36 + q. List the prime factors of x.
2, 3, 11
Let l(j) be the second derivative of 3*j**3 - 8*j**2 - 27*j + 1. Let t be l(2). Suppose -4*c - c - t = 0, 2*c = -3*g + 640. What are the prime factors of g?
2, 3
Suppose -1 - 3 = -2*f. Suppose 5*d = -f*d + 